{"id":4322,"date":"2025-04-09T11:00:03","date_gmt":"2025-04-09T09:00:03","guid":{"rendered":"https:\/\/jesle2.zlin.eu\/tyrsovo-nabrezi\/?page_id=4322"},"modified":"2026-04-30T13:29:56","modified_gmt":"2026-04-30T11:29:56","slug":"dokumenty","status":"publish","type":"page","link":"https:\/\/jesle.zlin.eu\/tyrsovo-nabrezi\/dokumenty\/","title":{"rendered":"Dokumenty"},"content":{"rendered":"\n<div class=\"wp-block-columns is-layout-flex wp-container-core-columns-is-layout-28f84493 wp-block-columns-is-layout-flex\">\n<div class=\"wp-block-column is-layout-flow wp-block-column-is-layout-flow\" style=\"flex-basis:100%\">\n<ul class=\"wp-block-list\">\n<li><a href=\"https:\/\/jesle.zlin.eu\/tyrsovo-nabrezi\/wp-content\/uploads\/sites\/4\/2025\/04\/JesleTyrsova-cenik1.1.2025.pdf\" data-type=\"attachment\" data-id=\"4329\" target=\"_blank\" rel=\"noreferrer noopener\">Aktu\u00e1ln\u00ed cen\u00edk<\/a><\/li>\n\n\n\n<li><a href=\"https:\/\/jesle.zlin.eu\/tyrsovo-nabrezi\/wp-content\/uploads\/sites\/4\/2025\/04\/denni_rezim.pdf\" data-type=\"attachment\" data-id=\"4327\" target=\"_blank\" rel=\"noreferrer noopener\">Denn\u00ed re\u017eim<\/a><\/li>\n\n\n\n<li><a href=\"https:\/\/jesle.zlin.eu\/tyrsovo-nabrezi\/wp-content\/uploads\/sites\/4\/2025\/09\/DOMACI-RAD.pdf\" data-type=\"attachment\" data-id=\"4328\" target=\"_blank\" rel=\"noreferrer noopener\">Dom\u00e1c\u00ed \u0159\u00e1d<\/a><\/li>\n\n\n\n<li><a href=\"https:\/\/jesle.zlin.eu\/tyrsovo-nabrezi\/wp-content\/uploads\/sites\/4\/2026\/02\/Podminky-pro-prijeti-deti.pdf\" data-type=\"link\" data-id=\"https:\/\/jesle.zlin.eu\/tyrsovo-nabrezi\/wp-content\/uploads\/sites\/4\/2025\/10\/ZADOST-O-PRIJETI.pdf\">Podm\u00ednky pro p\u0159ijet\u00ed <\/a><\/li>\n\n\n\n<li><a href=\"https:\/\/jesle.zlin.eu\/tyrsovo-nabrezi\/wp-content\/uploads\/sites\/4\/2026\/04\/Dokumenty-k-prijeti.pdf\" data-type=\"link\" data-id=\"https:\/\/jesle.zlin.eu\/tyrsovo-nabrezi\/wp-content\/uploads\/sites\/4\/2025\/10\/ZADOST-O-PRIJETI.pdf\">Dokumenty pro p\u0159ijet\u00ed<\/a><\/li>\n\n\n\n<li><a href=\"https:\/\/jesle.zlin.eu\/tyrsovo-nabrezi\/wp-content\/uploads\/sites\/4\/2026\/04\/Praxe-studentu.pdf\" data-type=\"link\" data-id=\"https:\/\/jesle.zlin.eu\/tyrsovo-nabrezi\/wp-content\/uploads\/sites\/4\/2025\/12\/Jidelnicek-5.1.-9.1.2026-2.pdf\" target=\"_blank\" rel=\"noreferrer noopener\">Praxe student\u016f<\/a><\/li>\n\n\n\n<li><a href=\"https:\/\/jesle.zlin.eu\/tyrsovo-nabrezi\/wp-content\/uploads\/sites\/4\/2026\/04\/17.-Jidelnicek-4.5.-8.5.pdf\" data-type=\"link\" data-id=\"https:\/\/jesle.zlin.eu\/tyrsovo-nabrezi\/wp-content\/uploads\/sites\/4\/2025\/12\/Jidelnicek-5.1.-9.1.2026-2.pdf\" target=\"_blank\" rel=\"noreferrer noopener\">J\u00eddeln\u00ed\u010dek 4.5. &#8211; 7. 5. <\/a><a href=\"https:\/\/jesle.zlin.eu\/tyrsovo-nabrezi\/wp-content\/uploads\/sites\/4\/2026\/02\/05.-jidelnicek-9.2.-10.2.pdf\" data-type=\"link\" data-id=\"https:\/\/jesle.zlin.eu\/tyrsovo-nabrezi\/wp-content\/uploads\/sites\/4\/2025\/12\/Jidelnicek-5.1.-9.1.2026-2.pdf\" target=\"_blank\" rel=\"noreferrer noopener\">2026<\/a><\/li>\n\n\n\n<li><a href=\"https:\/\/jesle.zlin.eu\/tyrsovo-nabrezi\/wp-content\/uploads\/sites\/4\/2026\/04\/16.-Jidelnicek-27.4.-30.4.pdf\" data-type=\"link\" data-id=\"https:\/\/jesle.zlin.eu\/tyrsovo-nabrezi\/wp-content\/uploads\/sites\/4\/2025\/12\/Jidelnicek-5.1.-9.1.2026-2.pdf\" target=\"_blank\" rel=\"noreferrer noopener\">J\u00eddeln\u00ed\u010dek 27.4. &#8211; 30.4.2026<\/a><\/li>\n<\/ul>\n<\/div>\n<\/div>\n\n\n\n<div class=\"wp-block-uagb-container uagb-block-9209bdd3 alignfull uagb-is-root-container\"><div class=\"uagb-container-inner-blocks-wrap\"><\/div><\/div>\n","protected":false},"excerpt":{"rendered":"","protected":false},"author":1,"featured_media":0,"parent":0,"menu_order":0,"comment_status":"closed","ping_status":"closed","template":"","meta":{"_uag_custom_page_level_css":"","footnotes":""},"class_list":["post-4322","page","type-page","status-publish","hentry"],"uagb_featured_image_src":{"full":false,"thumbnail":false,"medium":false,"medium_large":false,"large":false,"1536x1536":false,"2048x2048":false},"uagb_author_info":{"display_name":"adminJesle","author_link":"https:\/\/jesle.zlin.eu\/tyrsovo-nabrezi\/author\/adminjesle\/"},"uagb_comment_info":0,"uagb_excerpt":null,"_links":{"self":[{"href":"https:\/\/jesle.zlin.eu\/tyrsovo-nabrezi\/wp-json\/wp\/v2\/pages\/4322","targetHints":{"allow":["GET"]}}],"collection":[{"href":"https:\/\/jesle.zlin.eu\/tyrsovo-nabrezi\/wp-json\/wp\/v2\/pages"}],"about":[{"href":"https:\/\/jesle.zlin.eu\/tyrsovo-nabrezi\/wp-json\/wp\/v2\/types\/page"}],"author":[{"embeddable":true,"href":"https:\/\/jesle.zlin.eu\/tyrsovo-nabrezi\/wp-json\/wp\/v2\/users\/1"}],"replies":[{"embeddable":true,"href":"https:\/\/jesle.zlin.eu\/tyrsovo-nabrezi\/wp-json\/wp\/v2\/comments?post=4322"}],"version-history":[{"count":61,"href":"https:\/\/jesle.zlin.eu\/tyrsovo-nabrezi\/wp-json\/wp\/v2\/pages\/4322\/revisions"}],"predecessor-version":[{"id":5721,"href":"https:\/\/jesle.zlin.eu\/tyrsovo-nabrezi\/wp-json\/wp\/v2\/pages\/4322\/revisions\/5721"}],"wp:attachment":[{"href":"https:\/\/jesle.zlin.eu\/tyrsovo-nabrezi\/wp-json\/wp\/v2\/media?parent=4322"}],"curies":[{"name":"wp","href":"https:\/\/api.w.org\/{rel}","templated":true}]}}