{"id":4506,"date":"2025-04-09T10:55:06","date_gmt":"2025-04-09T08:55:06","guid":{"rendered":"https:\/\/jesle2.zlin.eu\/m-knesla\/?page_id=4506"},"modified":"2025-04-09T10:56:21","modified_gmt":"2025-04-09T08:56:21","slug":"dokumenty","status":"publish","type":"page","link":"https:\/\/jesle.zlin.eu\/m-knesla\/dokumenty\/","title":{"rendered":"Dokumenty"},"content":{"rendered":"\n<ul class=\"wp-block-list is-style-default\">\n<li><a href=\"https:\/\/jesle.zlin.eu\/m-knesla\/wp-content\/uploads\/sites\/5\/2025\/04\/VYSE-POPLATKU-v-jeslich-od-ledna-2025.pdf\" data-type=\"attachment\" data-id=\"4511\">Aktu\u00e1ln\u00ed cen\u00edk<\/a><\/li>\n\n\n\n<li><a href=\"https:\/\/jesle.zlin.eu\/m-knesla\/wp-content\/uploads\/sites\/5\/2025\/04\/ORGANIZACE-DNE-1.pdf\" data-type=\"attachment\" data-id=\"4510\">Organizace dne<\/a><\/li>\n\n\n\n<li><a href=\"https:\/\/jesle.zlin.eu\/m-knesla\/wp-content\/uploads\/sites\/5\/2025\/04\/Zadost-o-prijeti.pdf\" data-type=\"attachment\" data-id=\"4512\">\u017d\u00e1dost o p\u0159ijet\u00ed<\/a><\/li>\n\n\n\n<li><a href=\"https:\/\/jesle.zlin.eu\/m-knesla\/wp-content\/uploads\/sites\/5\/2025\/04\/Domaci-rad.pdf\" data-type=\"attachment\" data-id=\"4509\">Dom\u00e1c\u00ed \u0159\u00e1d<\/a><\/li>\n<\/ul>\n\n\n\n<p><\/p>\n","protected":false},"excerpt":{"rendered":"","protected":false},"author":1,"featured_media":0,"parent":0,"menu_order":0,"comment_status":"closed","ping_status":"closed","template":"","meta":{"_uag_custom_page_level_css":"","footnotes":""},"class_list":["post-4506","page","type-page","status-publish","hentry"],"uagb_featured_image_src":{"full":false,"thumbnail":false,"medium":false,"medium_large":false,"large":false,"1536x1536":false,"2048x2048":false},"uagb_author_info":{"display_name":"adminJesle","author_link":"https:\/\/jesle.zlin.eu\/m-knesla\/author\/adminjesle\/"},"uagb_comment_info":0,"uagb_excerpt":null,"_links":{"self":[{"href":"https:\/\/jesle.zlin.eu\/m-knesla\/wp-json\/wp\/v2\/pages\/4506","targetHints":{"allow":["GET"]}}],"collection":[{"href":"https:\/\/jesle.zlin.eu\/m-knesla\/wp-json\/wp\/v2\/pages"}],"about":[{"href":"https:\/\/jesle.zlin.eu\/m-knesla\/wp-json\/wp\/v2\/types\/page"}],"author":[{"embeddable":true,"href":"https:\/\/jesle.zlin.eu\/m-knesla\/wp-json\/wp\/v2\/users\/1"}],"replies":[{"embeddable":true,"href":"https:\/\/jesle.zlin.eu\/m-knesla\/wp-json\/wp\/v2\/comments?post=4506"}],"version-history":[{"count":3,"href":"https:\/\/jesle.zlin.eu\/m-knesla\/wp-json\/wp\/v2\/pages\/4506\/revisions"}],"predecessor-version":[{"id":5023,"href":"https:\/\/jesle.zlin.eu\/m-knesla\/wp-json\/wp\/v2\/pages\/4506\/revisions\/5023"}],"wp:attachment":[{"href":"https:\/\/jesle.zlin.eu\/m-knesla\/wp-json\/wp\/v2\/media?parent=4506"}],"curies":[{"name":"wp","href":"https:\/\/api.w.org\/{rel}","templated":true}]}}